on divisor of v and s.
14
Let j = -35 + 62. Let t(h) = -h + 10. Let o be t(7). What is the greatest common factor of o and j?
3
Suppose -5*g - 244 - 556 = 0. Let o = 336 + g. Let v be (-10)/8*o/(-2). Calculate the highest common factor of 44 and v.
22
Suppose -3 = -n - 2. Let s be (-2808)/(-40) + n/(-5). What is the highest common divisor of s and 28?
14
Suppose 0 = -4*b - 3*n + n + 22, -4*n + 16 = b. Suppose -v = -3*g + 196, b*g - 3*v = v + 272. What is the highest common factor of 16 and g?
16
Let t = 211 + 20. Calculate the greatest common factor of t and 21.
21
Suppose 20 - 40 = -2*k. Calculate the greatest common factor of k and 20.
10
Suppose -24 + 108 = 3*y. Calculate the highest common divisor of 14 and y.
14
Let t(q) = -2*q**2 + 16*q - 7. Let g be t(7). What is the highest common factor of g and 63?
7
Suppose 4*q + 32 = 732. What is the highest common factor of q and 35?
35
Let q(d) = 2*d**2 - 10*d + 4. Let r be q(-5). Let s be (2 + -1)*-53*-1. Let z be s/4 + 1/(-4). What is the greatest common factor of z and r?
13
Suppose 0 = -3*t + 9 + 3. Let q be (-7)/(-2) + (-2)/(-4). Suppose -3*g + 107 = -q*w, -5*g + t*w - 5*w = -163. Calculate the highest common factor of 11 and g.
11
Suppose -6*y + 71 = -4*y - 3*q, 0 = -y + 5*q + 53. What is the highest common factor of 4 and y?
4
Let x(r) = -3*r + 3. Let s be x(-5). Let n(i) = 71*i - 5. Let v be n(-6). Let b = -233 - v. What is the greatest common divisor of s and b?
18
Suppose -2*u = -5*x - 165, 2*x - 158 = -u - u. Let v = -2 - -18. What is the highest common factor of v and u?
16
Let o(m) = -2*m + 10. Let a be o(4). What is the highest common factor of a and 10?
2
Suppose 11 + 157 = s. Calculate the highest common factor of s and 21.
21
Suppose 0 = m - 0*r - 2*r - 10, 5*m + 4*r - 78 = 0. Let g = 364 - 322. What is the greatest common factor of m and g?
14
Let j be (-39)/(-2) + 1/2. Suppose 5*n - 2*c - 250 = 0, -c + 50 = 10*n - 9*n. Calculate the highest common divisor of j and n.
10
Suppose 3*o + 4 = -5. Let z(c) = 6*c**2 + c - 3. Let n be z(o). Let q = -11 + 17. What is the greatest common factor of q and n?
6
Suppose 8*w = 46 + 34. Calculate the greatest common divisor of w and 2.
2
Let k be (-241)/(-4) + 1/(-4). Let d = k + -32. Suppose -61 - 65 = -3*a. What is the greatest common factor of a and d?
14
Let f = 25 + -21. What is the highest common factor of f and 24?
4
Let u = -67 + 40. Let d = -16 - u. What is the greatest common factor of d and 121?
11
Let q be 3 + ((-3)/1)/((-1)/14). Let g = -10 - -28. Calculate the greatest common factor of g and q.
9
Let r = 5 + -2. Suppose 17 = d - 0*d - r*n, d = 5*n + 25. Calculate the highest common factor of d and 35.
5
Let p = 27 + -6. What is the highest common divisor of p and 3?
3
Suppose -3*k = -49 - 167. What is the greatest common divisor of 9 and k?
9
Let x(q) = q**2 - 5*q + 2. Let c be x(5). Suppose -4*l + 201 = c*k + 81, 30 = l + k. What is the greatest common factor of l and 12?
6
Let l be (2*23)/((-3)/(-6)). Let h = l - 62. What is the highest common factor of h and 20?
10
Suppose 2*h + h = -5*v + 315, 5*h + 215 = 4*v. Let i be (-2 + -3)*(0 - 1). Let r be 49/i - (-1)/5. Calculate the highest common divisor of v and r.
10
Let k(i) = -i**3 - 5*i**2 - 2*i - 8. Let t be k(-5). Calculate the greatest common factor of t and 1.
1
Suppose 5*l = -y + 205, -2*l = -y - l + 175. What is the highest common factor of y and 20?
20
Let p = -13 + 34. Let w be 0*-3*(-2)/6. Suppose w = -s + 2*s - 3. What is the highest common factor of s and p?
3
Let q = 35 - 74. Let h = 96 - q. What is the highest common divisor of h and 15?
15
Let g = 23 + -16. Suppose g + 1 = 4*t. Calculate the highest common factor of t and 3.
1
Suppose 3*z + 813 = 3*n, 2*n + 5*z - 790 = -255. What is the highest common factor of n and 18?
18
Let h(m) be the second derivative of -m**3/6 + m**2/2 - 3*m. Let p be h(-1). Let x = 1 - 0. What is the greatest common divisor of x and p?
1
Let q = -13 + 23. Suppose -q = -2*w, f - 2*w + 0*w = -2. Suppose -4*o - 139 + 299 = 0. What is the greatest common divisor of f and o?
8
Let v = 28 + -25. What is the highest common factor of 1 and v?
1
Let x(o) = 9*o - 6. Let t be ((-9)/(-4))/(9/24). Let a be x(t). Let h be 1*7 - (30/5 - 5). What is the greatest common factor of h and a?
6
Suppose 0 = -4*k - 6*w + 3*w + 2, 0 = -2*k - 4*w - 4. Suppose 2*p = -2*g + 6*g + 26, 5*g + 31 = k*p. What is the greatest common factor of 3 and p?
3
Let b(i) = 22*i**2 + i. Let r be b(2). Suppose 0 = 6*s - 0*s - r. Calculate the greatest common divisor of 5 and s.
5
Let s(y) = -y - 8. Let h(q) = 2*q + 20. Let m(c) = 5*h(c) + 12*s(c). Let z = -18 - -12. Let n be m(z). Calculate the greatest common factor of n and 8.
8
Let a be -4*(1 - (-1 + 6)). Let d = 120 - 24. Suppose -2*i + 4*i = d. Calculate the greatest common divisor of i and a.
16
Let v be (-1 - (-13)/3)*3. Let b be (-4)/v + 32/5. Calculate the highest common factor of b and 6.
6
Suppose -24*x - 18 = -25*x. What is the highest common factor of x and 288?
18
Suppose -13 - 9 = -2*h. Let d be ((-4)/6)/((-1)/3). Suppose 12 = -4*z, 0*k - d*z = 4*k - 170. What is the greatest common factor of k and h?
11
Let z be 0/2*2/4. Suppose 2*o = -c + 3, -2*o + o = -2*c - 9. Let q be z - 3/c - -6. Calculate the highest common divisor of q and 56.
7
Let t = -3 - -6. Let b = t - -3. Let r(x) = -x**3 + 8*x**2 - 8*x - 6. Let g be r(b). Calculate the greatest common divisor of g and 45.
9
Suppose 3*k - 10 = -2*k. Suppose 0 = -0*a + k*a - 4. Let m(v) = 6*v**2 + 3*v - 2. Let r be m(a). What is the greatest common factor of 4 and r?
4
Let h(t) = -t**2 - 8*t - 7. Let z be h(-7). Suppose z = -6*y + 5*y. Let n be y - 25*3/(-3). What is the greatest common factor of 225 and n?
25
Let o be ((-16)/(-2))/2 + 1. Suppose -2*j = -4*a + 7*a - 332, -4*j = -4. Suppose -p = p - a. Calculate the greatest common factor of p and o.
5
Let t = -28 + 34. What is the highest common divisor of 15 and t?
3
Let t(s) = s - 2. Let c be t(4). Suppose -o = c*o - 12. Let r(p) = 2*p**2 - 4. Let v be r(o). Calculate the greatest common factor of v and 4.
4
Let z = 45 + 54. Let s be 25/1 - 3/(-3). Suppose 4*l + 2*m = 38, 2*l - 5*m = 11 + s. What is the greatest common factor of z and l?
11
Suppose 4*g = -0*y + 3*y - 297, -4*g + 495 = 5*y. What is the highest common factor of y and 9?
9
Let q(c) = -29*c - 4. Let t be q(-3). Let w = 49 + t. Calculate the highest common divisor of w and 12.
12
Suppose -j - 198 = -3*j. What is the highest common divisor of j and 9?
9
Suppose -2*q = -24 + 2. What is the highest common factor of 33 and q?
11
Suppose -3*n + 200 = n. Calculate the highest common divisor of n and 25.
25
Let s(v) = 2*v**2 - v + 1. Let t be s(1). Suppose -4*b = -t*n - 96, -5*n = -b + 28 + 14. What is the highest common factor of 55 and b?
11
Let v = 103 + -35. Suppose -5*h + h + v = 0. Suppose 4*p - 252 = 4*j, 2*p + j = -p + 209. What is the greatest common divisor of h and p?
17
Let s = -30 - -42. Calculate the greatest common factor of s and 12.
12
Let s(l) = -l**2 - l + 22. Let z be s(0). Let j = 28 - 17. What is the greatest common divisor of j and z?
11
Let x = 1 + 10. Suppose -s - 3*l - 1 = 0, 0 = -4*s + s - 2*l + x. Let m = -3 + 43. Calculate the greatest common factor of m and s.
5
Let y = 10 - 8. Suppose p - y*p + 64 = 0. What is the greatest common factor of p and 16?
16
Suppose -2*c + 11 = 5*m, 0 = c - 4*m - m - 43. Let n = 532 + -370. Calculate the highest common divisor of n and c.
18
Let m = 10 + -5. Suppose m*p + 2*g = 27, -1 = -g - 0*g. Suppose -4*z - 4*f + 16 = 0, 3*z + 0*f - 2 = 2*f. What is the highest common factor of z and p?
1
Suppose -90 = -4*q + 6. Calculate the highest common factor of 60 and q.
12
Let t = 117 + -114. What is the greatest common factor of t and 3?
3
Suppose 12 = -3*c + 2*a, 0*c + 1 = -2*c - a. Let t be (184 + c)*(-5)/(-10). What is the greatest common divisor of 13 and t?
13
Let d be (-1)/(-4) + (-309)/(-12). Suppose 8 = 2*g - d. Let i = g - 2. What is the greatest common factor of i and 15?
15
Let w(f) = 9*f - 1. Let b be w(1). Suppose -q - 3*o = 2, -o - 3 + 1 = -q. Calculate the highest common divisor of b and q.
1
Suppose 0 = 2*m + 4, -w + 3*m + 57 = 7*m. What is the highest common factor of w and 13?
13
Suppose